f**2 + 3*f**3 + 0*f**3 - 7*f - 2*f**3. Let a be (-6)/(-9) - (-174)/9*1. Let r be 40/(-60) - a/6. Give p(r).
7
Let k(f) = f**3 - f**2 + 2*f - 1. Let l be 8/10*(-20)/(-8). Let p be (5 - 4) + l + -1. What is k(p)?
7
Let b(z) be the second derivative of -7*z**4/24 - z**3/6 + 9*z**2 + 2*z - 12. Let v(w) be the first derivative of b(w). Give v(3).
-22
Suppose -99 = -31*v + 40*v. Let b(s) = 2*s**2 + 22*s + 8. Determine b(v).
8
Let t(s) = 7*s**3 + 6*s**2 - 6. Let f(r) = 143*r**2 - 81 + 169*r**3 - 28 - 34. Let g(w) = -6*f(w) + 143*t(w). Calculate g(-1).
13
Let x(w) = -10 + 10 - 1 - w + 4. Determine x(-3).
6
Let n = 10 + -17. Suppose i - 5*v = -v - 11, 2*i + 3*v = 33. Let f(r) = -2 - 2*r + 6*r - i*r - r**2 - r. Calculate f(n).
-9
Let u(w) = 2*w + 22. Suppose 0 = 4*p - 0*p + 36. Let v be u(p). Let t(i) = -6 + 4*i**2 - 7*i + 4 + v*i**3 + i**3 - 4*i**3. What is t(-5)?
8
Let x(y) = 3*y + 7. Let q(a) = -a**2 + 18*a + 1. Let m be q(18). Let o(t) = -t - 2. Let l be o(m). Let p be x(l). Let b(v) = -2*v - 2. Give b(p).
2
Let z(n) = n**2 - 6*n - 3. Suppose 0 = 10*m + 25 - 105. What is z(m)?
13
Let n(c) be the third derivative of -c**4/6 + c**3/6 + 86*c**2 + c. What is n(2)?
-7
Let i(h) = -h**3 + 4*h**2 + 5*h - 6. Let b be (-1)/(56/(-24)) - (-75)/21. Calculate i(b).
14
Let d(b) = -b**3 - 4*b**2 - 4*b - 6. Let h(t) = t**3 - 2*t**2 - 4*t + 5. Let v be h(3). Suppose -2*u - 18 = 2*r, -r - v*u - 3*u = 29. Give d(r).
10
Let y be (-3)/(3 - 0) - -5. Let n(k) = -y - 20*k**2 - 7*k + 21*k**2 + 3. Calculate n(5).
-11
Let p be (2 - 14*1)*(-7)/14. Let o(y) = -y**3 - 15*y**2 - 8*y + 6. Let i(x) = -3*x**3 - 44*x**2 - 24*x + 18. Let l(b) = p*i(b) - 17*o(b). Determine l(-8).
6
Let m(f) = 21 + 17 - 35 + 9*f + f**2. Let u = -15 + 9. Determine m(u).
-15
Let g = 0 + 1. Suppose 0 = 5*y - 6*y - g. Let o(r) = -r**2 + 1. Let j(b) = -7*b**2 - 3*b + 5. Let u(v) = j(v) - 6*o(v). What is u(y)?
1
Let r be (-97)/(-9) + -5 + 282/54. Let w(d) = 9*d - 12*d**3 + r*d**3 - d - 6*d**2 + 4. Calculate w(-7).
-3
Let y = 27 + -13. Let m(o) = -3*o + y*o - 10*o + o**3 + 9 + o**2. Give m(0).
9
Let r(o) = -2*o - 13. Let a be r(-8). Let z(t) be the third derivative of 0*t + 4*t**2 + 1/3*t**3 - 1/8*t**4 + 0. Give z(a).
-7
Suppose 2*l = 2*y + 57 - 11, -4*y - 92 = -2*l. Let q be (2/(-6))/(y/414). Let a(j) = -2*j - 3. Calculate a(q).
-15
Let j be 8/(-10)*(-165)/6. Suppose j = 4*s - 0*s - b, -2*b = 5*s - 21. Let y(h) = -2 + h + 0*h - 1 - 1. Determine y(s).
1
Suppose 0 = -18*q - 165 + 147. Let z(c) = 5*c + 1. Determine z(q).
-4
Suppose -5*m = 8*m + 26. Let d be 1*(-2)/2*(-4 - m). Let v(k) be the third derivative of -k**6/120 + k**5/20 + k**4/12 - k**3/6 - 2*k**2. Give v(d).
7
Let v(q) = 8*q - 15. Let u(s) = 17*s - 34. Let l(c) = -3*u(c) + 7*v(c). Calculate l(-3).
-18
Let h(z) = 4*z**3 - z**2 + 2*z - 1. Let m be (-4)/(-6) - (3 + (-19)/57). Determine h(m).
-41
Let i be 4/10 - 152/(-20). Suppose i = 35*k - 39*k. Let f(z) = 3*z - 6. Let u(q) = 2*q - 3. Let l(t) = 5*f(t) - 9*u(t). What is l(k)?
3
Suppose -3*l - c = 12 + 13, 0 = -3*c - 12. Let b(s) = s**2 + 14*s + 12. Calculate b(l).
-37
Suppose 0 = 2*k - 2*q + 2, -q + 1 = 3*k + 8. Let u(a) = -3*a**3 + a**2 - 2*a + 1. Give u(k).
33
Let x be (-5)/(-15) - (-4)/6. Let j(s) = -4*s**2 + s + 1. Let f(m) = -14*m**2 + 2*m + 3. Let u(t) = -f(t) + 2*j(t). Calculate u(x).
5
Let a = -2648 - -2649. Let z(v) = 9*v**2 + 4*v - 3. Give z(a).
10
Let d be (-189)/162*3/(-7). Let n(h) be the third derivative of d*h**3 + h**2 - 1/60*h**5 + 0 - 1/8*h**4 + 0*h. Calculate n(-4).
-1
Let s = 12 + -28. Let v = 11 + s. Let b be ((-4)/(-10))/(v/(-75)). Let f(z) = -z + 9. Determine f(b).
3
Let q(b) = -7*b**2 + 5*b - 1. Let p(a) = -9*a**2 + 6*a - 1. Let c(h) = 3*p(h) - 4*q(h). Calculate c(-2).
9
Suppose -8*s + 10*s - 3*g - 7 = 0, -4*g + 53 = 3*s. Let w(x) = x + 15. Determine w(s).
26
Let o(w) = -w**2 - 9*w + 2. Let z be o(-9). Suppose -2*m + 8 = 5*t - 11, -z*t + 4 = -m. Let h(k) = 0*k**3 - 5*k**2 + 6*k**2 - 1 - 2*k**t. What is h(1)?
-2
Let t be ((-5)/(-7))/(9/(-63)). Let x(d) = -15*d**2 - 4 + 17*d**2 + 11 + 8*d. Calculate x(t).
17
Let l(n) = n**3 - 6*n**2 - 2*n + 1. Let j(m) = -m + 1. Let y(p) = 3*j(p) - l(p). Calculate y(4).
30
Let y(z) = -z**3 + 5*z**2 - 2*z - 5. Let w be y(4). Let d = 7 - 4. Let l(s) = -d*s + s**2 - 3 + 0*s + s + 4. Calculate l(w).
4
Let m(x) = -1095 + 5*x - 1099 - x**2 + 2197. What is m(6)?
-3
Let i be (-1 + 1)/1 + -2. Let j(n) = -16*n. Let f(s) = -3*s. Let t(q) = 20*f(q) - 4*j(q). Determine t(i).
-8
Let r(c) be the third derivative of -c**4/3 - c**3/6 - 21*c**2. Suppose 4*w - 4*h = 4, -2*w - 7 = -5*w + 5*h. What is r(w)?
7
Let s(t) = -771*t**2 - 778*t**2 + 17*t + 1550*t**2 - 35. Give s(-19).
3
Let v(q) = -q**3 - 1 + 6*q**2 + 0 + 2 + 7*q. Let f(r) = r**3 + 4*r**2 - 4*r + 3. Let x be f(-5). Let h(b) = -2*b + 3. Let s be h(x). Determine v(s).
1
Let n(r) = r**2 - 4*r + 4. Let j(i) = -i**2 - 7*i - 4. Let q be j(-6). Suppose -q*b + 3 = -3. Determine n(b).
1
Let w(d) = 2*d + 5. Let p be (-25)/2 - 6/(-4). Let o be (-1)/2*(p + 1). What is w(o)?
15
Let q(f) = -3*f - 24. Let k(z) = 7*z + 7. Let n be k(-2). What is q(n)?
-3
Let a(y) = y**2 - 7*y + 7. Let k = 10 + -8. Let g(f) = 5*f**2 - 2*f + 2. Let p be g(k). Suppose -12 = -5*l + p. Calculate a(l).
1
Let t(j) = 1 + 6*j - 4*j**2 - 13*j - j**3 - 4*j**2. Let s be t(-7). Let u(l) = -8*l + 8. Let w(z) = -8*z + 7. Let r(y) = -6*u(y) + 7*w(y). Calculate r(s).
-7
Suppose 20 = -5*m + 10. Let n(z) = -z - 2. Let x be n(-6). Let d be (x/(-12))/(m/6). Let r(k) = -4*k. Determine r(d).
-4
Let m = 11 + -9. Suppose -q + m*a + 2 = -6, -q - 13 = 5*a. Let w(g) = 2*g + 2*g + g**2 - 2*g**q + 8. Calculate w(6).
-4
Let r(z) = z**2 - z. Let j(d) = 10*d**3 - 5*d**2 + 6*d. Let m(w) = 2*w**2 + 14*w + 1. Let v be m(-7). Let i(t) = v*j(t) + 5*r(t). Give i(1).
11
Let v = 2 - 7. Let h = -8 - v. Let m(u) = -u - 7*u**3 - u**2 - 6*u**3 + 4*u - 1 + 12*u**3. What is m(h)?
8
Suppose g + 2*g = -12. Let f(n) = -5 + 15 - 5 + 3*n + 2*n - 6. Calculate f(g).
-21
Let z(r) = -3*r + 1. Suppose w + 0*c = c + 1, 3*w = 4*c. What is z(w)?
-11
Let f be 0/(35/(-5) - -6). Let t(b) be the third derivative of 1/2*b**3 + 0 + 1/4*b**4 - 1/120*b**6 + 4*b**2 - 1/30*b**5 + f*b. What is t(-4)?
11
Suppose -5*j - r = -j - 9, -6 = j + 3*r. Let c(w) = -4*w**2 + 15*w**2 + w**j + 3*w - 6*w**2. What is c(-3)?
9
Let y(h) be the second derivative of -2*h**3/3 - h**2 - 2*h + 6. Let f = 2 + -6. What is y(f)?
14
Let q(c) = 3*c**2 + c + 2. Suppose 34 = -7*w + 20. Give q(w).
12
Let m(h) = -24*h + 222. Let b be m(9). Let k(u) = u**3 - 7*u**2 + 9*u - 20. Determine k(b).
-2
Let r(p) be the second derivative of -19*p + 0 + p**2 - 1/3*p**3. What is r(-5)?
12
Let w(t) = -4 - 6 - 289*t + 287*t. Calculate w(-7).
4
Let u(p) = -p**3 + 9*p**2 - 8*p - 4. Let i be (1 - 5)*(-38)/(-8). Let h = i - -27. Give u(h).
-4
Let u(p) be the first derivative of p**5/20 + p**4/12 - 15*p**2/2 + 8*p + 54. Let x(z) be the first derivative of u(z). What is x(0)?
-15
Let j(c) = c**3 - 4*c**2 + c. Let t(m) = -m. Let g(y) = -j(y) + 2*t(y). Calculate g(4).
-12
Let p(y) = y + 2. Let j be p(10). Let u(x) = -j*x - 18*x + 1 + 28*x. Determine u(-3).
7
Let l(g) = g + 11 - 7 - 5 - 5. Determine l(11).
5
Let r(l) be the second derivative of -l**4/12 + 4*l**3/3 - 2*l**2 - 77*l. Suppose 0*z - 24 = -4*z. Calculate r(z).
8
Let s(i) be the third derivative of -i**7/2520 - i**6/144 - i**5/120 + 11*i**4/24 + 30*i**2. Let a(r) be the second derivative of s(r). What is a(-2)?
5
Suppose 0 = -2*v + 2 + 6. Let i(y) = 9*y - 5*y + 22 + 0*y - 14 - 5. Calculate i(v).
19
Let t(j) = 3*j - 3. Let k(b) = 7*b - 7. Let g(p) = -4*k(p) + 10*t(p). Let d be g(3). Suppose 9 - 1 = d*r. Let v(i) = -i**2 + 2*i + 1. Calculate v(r).
1
Let w(b) = -4*b**2 - 35*b + 11. Let z be ((-93)/12 + 10)*(-5 - -1). Calculate w(z).
2
Let m(y) = -y**3 + 8*y**2 - 9*y - 12. Let d be m(6). Let h(n) = 4 - 8*n + n - n**3 + d*n**2 - n. What is h(5)?
-11
Let x(g) = -9*g - 3. Let j(v) = 17*v + 7. Let f(m) = -6*j(m) - 11*x(m). Calculate f(-6).
9
Let n(f) = f - 3. Let o(g) = g**2 - 10*g + 13. Let s be o(9). Suppose -b = s*l + 3*b - 28, -2*b - 21 = -5*l. Let h = 10 - l. What is n(h)?
2
Let l(b) = -b**3 + 11*b**2 + b - 15. Let a(x) = 2*x + 9. Let u be a(1). Calculate l(u).
-4
Let d(g) = -1 - 6 - 3*g - 2 + 6*g. Let